f y?
2
Let b = -13 + 11. What is the tens digit of (-6)/(1/21*b)?
6
Suppose 2*o - 5*m = 2499, 0 = o + 2*m - m - 1246. What is the units digit of o?
7
Suppose 28*x = 24*x + 2284. What is the hundreds digit of x?
5
Let g(c) = -1 + c**2 - 1 + 8 - 7*c + 1. Let h be g(8). What is the tens digit of 6/h - (-73)/5?
1
Suppose 600 = -6*v - 66. What is the tens digit of (v + 21)*(-10)/6?
5
What is the units digit of (8/(-5))/((-29)/19865)?
6
Let w(z) = 4*z - 4. Let q be w(-2). Let f = q + 17. Suppose -f*n = k - 11, 46 = -0*k + 2*k + 4*n. What is the units digit of k?
1
Let b = 309 - 468. Let g = b + 261. What is the tens digit of g?
0
Let t = 35 + -30. Suppose -3*o = -t*c - 7*o + 62, -5*c + 47 = -o. What is the tens digit of c?
1
Suppose -66 - 830 = -2*k. What is the hundreds digit of k?
4
Suppose q = 4*q + 9. Let d be (11 - (-3 - q))*-1. Let i = 38 + d. What is the units digit of i?
7
Let h be 63*(-2 - -5) + -3. Let p = h - 109. What is the units digit of p?
7
Suppose 4*u + 1716 = 4*m - 432, 5*m - 2685 = u. What is the tens digit of m?
3
Let v(z) be the second derivative of z**4/4 - 7*z**3/3 + 4*z**2 + z. What is the tens digit of v(8)?
8
Let v = 123 + -80. Let l = 73 - v. Suppose 6*c - 378 + l = 0. What is the units digit of c?
8
Suppose 0 = 5*l - l - 16. Suppose l*t + 2150 = 14*t. What is the tens digit of t?
1
Let t be (0 + -2)*(-936)/16. What is the tens digit of (-1408)/(-26) + (-18)/t?
5
Suppose -11*x - 95 = -6*x. Let r = x - -80. What is the tens digit of r?
6
What is the tens digit of (32235/(-14) + 19)/((-1)/2)?
6
Let f(x) be the first derivative of -x**4/4 + 3*x**3 - 4*x**2 + 4*x - 10. What is the tens digit of f(7)?
4
Let n(s) = s**3 - 2*s**2 + 2*s. Let q be n(3). Let p be (9/q)/((-2)/10). What is the units digit of 2/(-4)*(p - 1)?
2
What is the tens digit of 347/2*(-1 - (-9 - -6))?
4
What is the thousands digit of ((-477)/(-106))/(6/2464)?
1
Let f be (-2)/(-6)*6 - -2. Suppose 4*v + 2*s = f*s + 76, 20 = -5*s. What is the units digit of v?
7
Let z = 34 - 22. Suppose 8*a = 6*a - z. What is the tens digit of ((-60)/a)/(2/5)?
2
Let n(g) = g + 43. Let r be n(-23). Suppose -4*o = 5*z - 895 + 270, 0 = -4*o + r. What is the hundreds digit of z?
1
Let l = 12 + -7. Suppose -l = 5*o, -o + 9 = 4*p + p. Suppose p*n - n = -2*s + 32, 3*n - 74 = 5*s. What is the units digit of n?
8
Suppose -15 = -13*t + 8*t. Suppose 2*m + 5*z + 4 = 0, -m + t*z + 16 = -4. What is the units digit of m?
8
Let y be 3*(2 - ((-137)/3 - -1)). Let j = y + -77. What is the units digit of j?
3
Let z(g) be the second derivative of -14*g**5/5 - g**4/4 - g**3/3 - 4*g. What is the tens digit of z(-1)?
5
Let f = -102 + 172. Suppose 3*x - 4*q - 68 = 0, -3*x + 7*q + f = 2*q. Let h = x + -12. What is the units digit of h?
8
Suppose -3*v + 9 + 45 = 0. Let u be (-26)/(-13) + 1*6. Let o = u + v. What is the units digit of o?
6
Let c = -87 + 89. Suppose -506 = -c*o - 148. What is the tens digit of o?
7
Let s be ((-6)/(-18))/(2/30). What is the tens digit of 1 - 134*s/(-10)?
6
Let j(p) = -p**3 - 10*p**2 + 1. Let s be j(-10). What is the tens digit of 90 + s + -2 - 3?
8
Let w be (-1)/(2 - 1) - -24. Suppose 6*d + 13 = 25. Suppose k = -z + 19, -z = k + d*z - w. What is the units digit of k?
7
Suppose -2*y = -4*y + 34. Suppose 0 = -y*g + 13*g - 32. What is the tens digit of 51*7/((-84)/g)?
3
Let y = 8 - 8. Suppose -3*w + 4*w = y. Suppose b - 19 - 1 = 4*i, w = -4*i. What is the tens digit of b?
2
Suppose -5*h = 3*z - 594, 7*h = 2*h + 2*z + 604. What is the units digit of h?
0
What is the tens digit of (((-2)/(-4))/(2/(-1092)))/(-1)?
7
Suppose 980 = 2*r - 2*y - 500, -r - 5*y = -740. What is the tens digit of r?
4
Let n = 7464 + -2009. What is the hundreds digit of n?
4
Let n = 3 + -6. Let d be -43 + 6*n/(-6). What is the tens digit of (d/6 + -1)*-3?
2
Let w = -4 - -8. Suppose 4 = 4*d - w*l, -d - 3*d - l = 1. Suppose d = 2*v + 32 - 80. What is the units digit of v?
4
Let n(t) = -t**3 + 5*t**2 - 3*t - 17. Let f be n(5). Suppose 5*a = -0*a + 10. What is the units digit of (f/(-10))/(a/5)?
8
Let x = 82 - 63. Let m = 82 + x. What is the hundreds digit of m?
1
Suppose h - 3*f = 6, -h - 2*f = -3 + 2. Suppose 0 = -h*g - 2*g - 300. Let s = g - -85. What is the units digit of s?
5
Let w = -124 - -179. Let j = w + -12. What is the tens digit of j?
4
Let p be 3/(-15) + (-252)/(-10). Suppose 3*m - 3 = -w, -p = 4*w - 9*w - 5*m. What is the units digit of 25 + 0 + w + -7?
4
Let p(o) = 5*o + 30. Let j(y) be the first derivative of -y**2 - 10*y - 3. Let x(g) = 8*j(g) + 3*p(g). What is the units digit of x(-5)?
5
Let b(m) = 0*m**3 - m**3 - 18*m - 7 - 67*m**2 + 52*m**2. What is the tens digit of b(-14)?
4
Let n(l) = -l**3 + 6*l**2 + 1. Let s be n(5). Let r = s - 17. What is the units digit of r?
9
Let p(x) = 217*x**2 + 63*x + 181. What is the units digit of p(-3)?
5
Let s(q) be the first derivative of -1/2*q**2 - 4*q + 5 + 1/3*q**3. What is the tens digit of s(-4)?
1
Let i = 104 - -157. What is the hundreds digit of i?
2
Let s = -3 - 0. Let p = 6 - s. Let q(i) = i**3 - 9*i**2 + 6. What is the units digit of q(p)?
6
Let w = 48 - 29. Suppose -w = 2*b + 53. Let r = 52 + b. What is the tens digit of r?
1
Let s = -2295 - -2774. What is the tens digit of s?
7
Suppose -4*m = -90 + 14. Let u = -10 + m. Suppose -4*y + u + 67 = 0. What is the tens digit of y?
1
Let z = 1 - -228. Suppose -4*k = 4*d - 8*k - 920, 0 = d - 2*k - z. What is the tens digit of d?
3
Suppose 7*p + 2287 + 4181 = 0. What is the tens digit of (3/4)/((-7)/p)?
9
Suppose -5*z + 35 = 5*x, 8*z - 3*z - 3*x = 19. Suppose -5*a - z*b = -30, b + 4*b + 20 = 5*a. Suppose 3*h = a + 22. What is the units digit of h?
9
What is the units digit of (-15)/(-25) + 2464/10?
7
Let y be -115*(28/20 + -2). Let v = -41 + y. Suppose -8 - 6 = -w - a, -3*a = 2*w - v. What is the tens digit of w?
1
Let i(u) = u**3 - 26*u**2 + 3*u + 49. What is the thousands digit of i(29)?
2
Let o(x) = 3*x + 446. What is the hundreds digit of o(0)?
4
Let f(w) = w + 2. Let c be f(3). Suppose 59*v - 58*v = 0. Suppose v = -c*a - 3*s + 147, 2*a + 2*s - 27 = 35. What is the units digit of a?
7
Suppose -8*p = -6*p - 30. Suppose 16*y - 10 = p*y. What is the units digit of y?
0
Let g = 2 - 0. Suppose g = q, -2*m = -0*m + q + 114. What is the tens digit of (7/(7/m))/(-2)?
2
Let n = -860 + 1536. What is the tens digit of n?
7
What is the hundreds digit of -2*(-2 + 7 - 102)?
1
Suppose -10 = 13*r - 18*r. Suppose 0*v = -l + r*v + 9, 2*l = -3*v + 39. What is the tens digit of l?
1
Suppose h + 13*d - 615 = 9*d, -4*h + d = -2528. What is the hundreds digit of h?
6
Let x = 51 + -37. Suppose -x*k + 5*k + 738 = 0. What is the tens digit of k?
8
Let o be (1/2)/(17/1054). Let h(y) = -17*y - 5. Let d be h(-2). Suppose -o*l + d*l = -52. What is the tens digit of l?
2
Suppose -123 = -2*k + 5*g, -3*k + 4*k = 3*g + 61. Suppose -4*t + k = -40. What is the tens digit of t/1 - (1 + 2)?
2
Let o(j) = 27*j**2 + 17*j - 71. What is the tens digit of o(7)?
7
Suppose 14*y - 13733 - 8611 = 0. What is the thousands digit of y?
1
Suppose 3564 = 4*i + 5*g, 3*i + 0*g - 5*g = 2673. What is the tens digit of i?
9
Let l be (-6)/((-3)/1) - (-2)/(-1). Suppose -4*t = 5*a - 1266, 8*t - 4*t - 16 = l. What is the tens digit of a?
5
Let z be (-3)/4*(-3 + -165). Let r(m) = m**3 + 11*m**2 + 8*m - 11. Let t be r(-7). Suppose -2*y = -2*j - j + z, 3*y = 3*j - t. What is the units digit of j?
0
Let s(w) = -2*w**2 + 18*w - 8. Suppose g + 26 = 4*j - j, 0 = -2*j - 3*g + 10. What is the units digit of s(j)?
8
Suppose -4*o = -353 - 1823. What is the tens digit of o?
4
Suppose 0 = -z - 2*g + 4, 8*g - 4*g - 8 = 3*z. What is the tens digit of 4 + z + 83 + 0?
8
Suppose -4*h + 4 + 4 = -2*k, -3*k = -2*h + 4. Suppose k*g = 3*u + 5*g - 314, 0 = 5*u + 4*g - 532. What is the hundreds digit of u?
1
What is the thousands digit of 4589 + (7 - (-7 + 20))?
4
Let f(c) = c**2 - 6*c - 3. Let x be f(7). Suppose 0 = 4*v - 4, -x*g = -5*g - v + 86. What is the units digit of g?
5
Suppose 448 = -14*n + 21*n. What is the units digit of n?
4
Suppose -3*m + 5*s = -4474, 3*m + 4*s = 6339 - 1856. What is the hundreds digit of m?
4
Suppose 0 = b, -3*v + 0*b + 15 = b. Suppose 22 = -v*k + a + 812, 474 = 3*k - 4*a. What is the units digit of k?
8
Let l = 238 - -221. What is the units digit of 